{"id":1694,"date":"2024-03-03T10:11:56","date_gmt":"2024-03-03T10:11:56","guid":{"rendered":"https:\/\/mireiaroldangarcia.es\/?page_id=1694"},"modified":"2025-02-15T18:27:55","modified_gmt":"2025-02-15T18:27:55","slug":"fotografia-profesional","status":"publish","type":"page","link":"https:\/\/mireiaroldangarcia.es\/esp\/servicios\/fotografia-profesional\/","title":{"rendered":"Fotograf\u00eda"},"content":{"rendered":"\n<div class=\"wp-block-uagb-container uagb-block-qjqmkj32 alignwide uagb-is-root-container\">\n<div class=\"wp-block-uagb-info-box uagb-block-g0j1x7m3 uagb-infobox__content-wrap  uagb-infobox-icon-above-title uagb-infobox-image-valign-top\"><div class=\"uagb-ifb-content\"><div class=\"uagb-ifb-title-wrap\"><h1 class=\"uagb-ifb-title-prefix\">SERVICIOS PROFESIONALES DE FOTOGRAF\u00cdA<\/h1><h1 class=\"uagb-ifb-title\">Fotograf\u00eda de eventos, productos, retratos corporativos y m\u00e1s.<\/h1><\/div><p class=\"uagb-ifb-desc\">Ofrezco servicios de fotograf\u00eda profesional dise\u00f1ados para satisfacer tus necesidades espec\u00edficas y capturar momentos inolvidables con la m\u00e1xima calidad y creatividad. Mi amplia gama de opciones incluye fotograf\u00eda de eventos, productos, retratos corporativos y sesiones personalizadas.<\/p><\/div><\/div>\n\n\n\n<div data-aos= \"fade\" data-aos-duration=\"400\" data-aos-delay=\"0\" data-aos-easing=\"ease\" data-aos-once=\"true\" class=\"wp-block-uagb-buttons uagb-buttons__outer-wrap uagb-btn__default-btn uagb-btn-tablet__default-btn uagb-btn-mobile__default-btn uagb-block-7bb2cf6d\"><div class=\"uagb-buttons__wrap uagb-buttons-layout-wrap \">\n<div data-aos= \"fade-right\" data-aos-duration=\"400\" data-aos-delay=\"0\" data-aos-easing=\"ease\" data-aos-once=\"true\" class=\"wp-block-uagb-buttons-child uagb-buttons__outer-wrap uagb-block-aef1d582 wp-block-button\"><div class=\"uagb-button__wrapper\"><a class=\"uagb-buttons-repeater wp-block-button__link\" aria-label=\"\" href=\"#servicios\" rel=\"follow noopener\" target=\"_self\" role=\"button\"><div class=\"uagb-button__link\">SERVICIOS de fotograf\u00eda<\/div><\/a><\/div><\/div>\n\n\n\n<div data-aos= \"fade-right\" data-aos-duration=\"400\" data-aos-delay=\"0\" data-aos-easing=\"ease\" data-aos-once=\"true\" class=\"wp-block-uagb-buttons-child uagb-buttons__outer-wrap uagb-block-f64dcc24 wp-block-button\"><div class=\"uagb-button__wrapper\"><a class=\"uagb-buttons-repeater wp-block-button__link\" aria-label=\"\" href=\"#portfolio\" rel=\"follow noopener\" target=\"_self\" role=\"button\"><div class=\"uagb-button__link\">PORTFOLIO<\/div><\/a><\/div><\/div>\n<\/div><\/div>\n\n\n      \n\t\t\t<div data-aos= \"fade\" data-aos-duration=\"400\" data-aos-delay=\"0\" data-aos-easing=\"ease\" data-aos-once=\"true\" class=\"uagb-icon-wrapper uagb-block-45992ddc      \"\n\t\t\tstyle=\"\" >\n\t\t\t\t\t\t\t\t\t<span class=\"uagb-svg-wrapper\" \n\t\t\t\t\t aria-label=\"circle-chevron-down\"\t\t\t\t\ttabindex=\"0\">\t\t\n\t\t\t\t\t\t\t\t\t\t<a rel=\"noopener noreferrer\" href=\"https:\/\/mireiaroldangarcia.es\/esp\/servicios\/fotografia-profesional\/#mireiarg\" target=\"_self\"><svg xmlns=\"https:\/\/www.w3.org\/2000\/svg\" viewBox= \"0 0 512 512\" role=\"graphics-symbol\" aria-hidden=\"false\" aria-label=\"\"><path d=\"M256 0C114.6 0 0 114.6 0 256c0 141.4 114.6 256 256 256s256-114.6 256-256C512 114.6 397.4 0 256 0zM390.6 246.6l-112 112C272.4 364.9 264.2 368 256 368s-16.38-3.125-22.62-9.375l-112-112c-12.5-12.5-12.5-32.75 0-45.25s32.75-12.5 45.25 0L256 290.8l89.38-89.38c12.5-12.5 32.75-12.5 45.25 0S403.1 234.1 390.6 246.6z\"><\/path><\/svg><\/a>\n\t\t\t\t\t\t\t\t\t<\/span>\n\t\t\t\t\t\t\t<\/div>\n\t\t\t<\/div>\n\n\n\n<div id=\"mireiarg\" class=\"wp-block-uagb-container uagb-block-g7ea9doa alignfull uagb-is-root-container\"><\/div>\n\n\n\n<div id=\"servicios\" class=\"wp-block-uagb-container uagb-block-8fznlt7z alignfull uagb-is-root-container\"><div class=\"uagb-container-inner-blocks-wrap\">\n<div class=\"wp-block-uagb-info-box uagb-block-obrtacn6 uagb-infobox__content-wrap  uagb-infobox-icon-above-title uagb-infobox-image-valign-top\"><div class=\"uagb-ifb-content\"><div class=\"uagb-ifb-title-wrap\"><h2 class=\"uagb-ifb-title\">Fotograf\u00eda<\/h2><\/div><p class=\"uagb-ifb-desc\">Ofrezco una amplia gama de servicios de fotograf\u00eda profesional dise\u00f1ados para satisfacer tus necesidades espec\u00edficas y capturar momentos inolvidables con la m\u00e1xima calidad y creatividad. <br>Mis servicios incluyen:<\/p><\/div><\/div>\n\n\n\n<div class=\"wp-block-uagb-container uagb-block-fcbxopzs\">\n<div class=\"wp-block-uagb-container uagb-block-rw2o5c9k\">\n<div class=\"wp-block-uagb-info-box uagb-block-7cdiw7ow uagb-infobox__content-wrap  uagb-infobox-icon-above-title uagb-infobox-image-valign-top\"><div class=\"uagb-ifb-content\"><div class=\"uagb-ifb-title-wrap\"><p class=\"uagb-ifb-title-prefix\">01<\/p><h5 class=\"uagb-ifb-title\">Fotograf\u00eda de eventos<\/h5><\/div><p class=\"uagb-ifb-desc\">Capturo los momentos m\u00e1s destacados de tus eventos especiales, desde bodas y celebraciones familiares hasta conferencias y eventos corporativos.<\/p><\/div><\/div>\n<\/div>\n\n\n\n<div class=\"wp-block-uagb-container uagb-block-341d22f4\">\n<div class=\"wp-block-uagb-info-box uagb-block-da7a2b64 uagb-infobox__content-wrap  uagb-infobox-icon-above-title uagb-infobox-image-valign-top\"><div class=\"uagb-ifb-content\"><div class=\"uagb-ifb-title-wrap\"><p class=\"uagb-ifb-title-prefix\">02<\/p><h5 class=\"uagb-ifb-title\">Fotograf\u00eda de productos<\/h5><\/div><p class=\"uagb-ifb-desc\">Destaco la belleza y las caracter\u00edsticas \u00fanicas de tus productos con im\u00e1genes profesionales que realzan su atractivo y ayudan a impulsar tus ventas.<\/p><\/div><\/div>\n<\/div>\n\n\n\n<div class=\"wp-block-uagb-container uagb-block-b24701e7\">\n<div class=\"wp-block-uagb-info-box uagb-block-c1a4c42b uagb-infobox__content-wrap  uagb-infobox-icon-above-title uagb-infobox-image-valign-top\"><div class=\"uagb-ifb-content\"><div class=\"uagb-ifb-title-wrap\"><p class=\"uagb-ifb-title-prefix\">03<\/p><h5 class=\"uagb-ifb-title\">Retratos corporativos<\/h5><\/div><p class=\"uagb-ifb-desc\">Creo retratos corporativos que transmiten profesionalismo y personalidad, ideales para tu sitio web, redes sociales y material promocional.<\/p><\/div><\/div>\n<\/div>\n<\/div>\n\n\n\n<div class=\"wp-block-uagb-container uagb-block-2c147b85\">\n<div class=\"wp-block-uagb-container uagb-block-ad4fb581\">\n<div class=\"wp-block-uagb-info-box uagb-block-c7297a6c uagb-infobox__content-wrap  uagb-infobox-icon-above-title uagb-infobox-image-valign-top\"><div class=\"uagb-ifb-content\"><div class=\"uagb-ifb-title-wrap\"><p class=\"uagb-ifb-title-prefix\">04<\/p><h5 class=\"uagb-ifb-title\">Sesiones personalizadas<\/h5><\/div><p class=\"uagb-ifb-desc\">Dise\u00f1o sesiones fotogr\u00e1ficas a medida seg\u00fan tus necesidades y preferencias, asegurando que cada imagen cuente tu historia de manera \u00fanica y aut\u00e9ntica.<\/p><\/div><\/div>\n<\/div>\n\n\n\n<div class=\"wp-block-uagb-container uagb-block-8ab1b4a8\">\n<div class=\"wp-block-uagb-info-box uagb-block-a9d08d8e uagb-infobox__content-wrap  uagb-infobox-icon-above-title uagb-infobox-image-valign-top\"><div class=\"uagb-ifb-content\"><div class=\"uagb-ifb-title-wrap\"><p class=\"uagb-ifb-title-prefix\">05<\/p><h5 class=\"uagb-ifb-title\">Edici\u00f3n y retoque<\/h5><\/div><p class=\"uagb-ifb-desc\">Realizo edici\u00f3n y retoque fotogr\u00e1fico profesional para garantizar que tus im\u00e1genes sean perfectas en cada detalle, desde ajustes de color y contraste hasta eliminaci\u00f3n de imperfecciones.<br><br><\/p><\/div><\/div>\n<\/div>\n\n\n\n<div class=\"wp-block-uagb-container uagb-block-0bb74594\">\n<div class=\"wp-block-uagb-info-box uagb-block-e2526333 uagb-infobox__content-wrap  uagb-infobox-icon-above-title uagb-infobox-image-valign-top\"><div class=\"uagb-ifb-content\"><div class=\"uagb-ifb-title-wrap\"><p class=\"uagb-ifb-title-prefix\">06<\/p><h5 class=\"uagb-ifb-title\">Entrega y formato<\/h5><\/div><p class=\"uagb-ifb-desc\">Entrego tus im\u00e1genes en el formato y la resoluci\u00f3n adecuados para su uso en l\u00ednea o impresi\u00f3n, asegurando la m\u00e1xima calidad y versatilidad<\/p><\/div><\/div>\n<\/div>\n<\/div>\n\n\n\n<div data-aos= \"slide-left\" data-aos-duration=\"400\" data-aos-delay=\"0\" data-aos-easing=\"ease\" data-aos-once=\"true\" class=\"wp-block-uagb-buttons uagb-buttons__outer-wrap uagb-btn__default-btn uagb-btn-tablet__default-btn uagb-btn-mobile__default-btn uagb-block-0d8fe288\"><div class=\"uagb-buttons__wrap uagb-buttons-layout-wrap \">\n<div data-aos= \"fade-right\" data-aos-duration=\"400\" data-aos-delay=\"0\" data-aos-easing=\"ease\" data-aos-once=\"true\" class=\"wp-block-uagb-buttons-child uagb-buttons__outer-wrap uagb-block-bd83d1f9 wp-block-button\"><div class=\"uagb-button__wrapper\"><a class=\"uagb-buttons-repeater wp-block-button__link\" aria-label=\"\" href=\"https:\/\/mireiaroldangarcia.es\/esp\/contacta\/\" rel=\"follow noopener\" target=\"_self\" role=\"button\"><div class=\"uagb-button__link\">solicitar presupuesto<\/div><\/a><\/div><\/div>\n<\/div><\/div>\n<\/div><\/div>\n\n\n\n<div id=\"portfolio\" class=\"wp-block-uagb-container uagb-block-jfonwegz alignfull uagb-is-root-container\"><div class=\"uagb-container-inner-blocks-wrap\">\n<div class=\"wp-block-uagb-container uagb-block-meg8oow8\">\n<div class=\"wp-block-uagb-container uagb-block-e5wrsry1\">\n<div class=\"wp-block-uagb-info-box uagb-block-2pl3punr uagb-infobox__content-wrap  uagb-infobox-icon-above-title uagb-infobox-image-valign-top\"><div class=\"uagb-ifb-content\"><div class=\"uagb-ifb-title-wrap\"><h2 class=\"uagb-ifb-title\">Portfolio fotogr\u00e1fico<\/h2><\/div><\/div><\/div>\n<\/div>\n\n\n\n<div class=\"wp-block-uagb-container uagb-block-lbv4rsx3\">\n<div class=\"wp-block-uagb-info-box uagb-block-9giafsvs uagb-infobox__content-wrap  uagb-infobox-icon-above-title uagb-infobox-image-valign-top\"><div class=\"uagb-ifb-content\"><div class=\"uagb-ifb-title-wrap\"><\/div><p class=\"uagb-ifb-desc\">Bienvenido a mi portafolio, donde encontrar\u00e1s una selecci\u00f3n de mis trabajos m\u00e1s destacados en fotograf\u00eda profesional.<\/p><\/div><\/div>\n<\/div>\n<\/div>\n\n\n\n<div class=\"wp-block-uagb-container uagb-block-pyjauzgr\">\n<div class=\"wp-block-uagb-container uagb-block-msn6ppny\">\n<div class=\"wp-block-uagb-image alignleft uagb-block-awqcpn82 wp-block-uagb-image--layout-default wp-block-uagb-image--effect-static wp-block-uagb-image--align-left\"><figure class=\"wp-block-uagb-image__figure\"><img decoding=\"async\" srcset=\"https:\/\/mireiaroldangarcia.es\/wp-content\/uploads\/2021\/06\/mrshoot_carrousel-3-819x1024.jpg ,https:\/\/mireiaroldangarcia.es\/wp-content\/uploads\/2021\/06\/mrshoot_carrousel-3.jpg 780w, https:\/\/mireiaroldangarcia.es\/wp-content\/uploads\/2021\/06\/mrshoot_carrousel-3.jpg 360w\" sizes=\"auto, (max-width: 480px) 150px\" src=\"https:\/\/mireiaroldangarcia.es\/wp-content\/uploads\/2021\/06\/mrshoot_carrousel-3-819x1024.jpg\" alt=\"\" class=\"uag-image-100\" width=\"384\" height=\"384\" title=\"RUSIA | SEPTIEMBRE 2019\" loading=\"lazy\" role=\"img\"\/><\/figure><\/div>\n\n\n\n<div class=\"wp-block-uagb-image alignleft uagb-block-wxcls4o8 wp-block-uagb-image--layout-default wp-block-uagb-image--effect-static wp-block-uagb-image--align-left\"><figure class=\"wp-block-uagb-image__figure\"><img decoding=\"async\" srcset=\"https:\/\/mireiaroldangarcia.es\/wp-content\/uploads\/2023\/08\/clarswim_part1-106-683x1024.jpg ,https:\/\/mireiaroldangarcia.es\/wp-content\/uploads\/2023\/08\/clarswim_part1-106-scaled.jpg 780w, https:\/\/mireiaroldangarcia.es\/wp-content\/uploads\/2023\/08\/clarswim_part1-106-scaled.jpg 360w\" sizes=\"auto, (max-width: 480px) 150px\" src=\"https:\/\/mireiaroldangarcia.es\/wp-content\/uploads\/2023\/08\/clarswim_part1-106-683x1024.jpg\" alt=\"\" class=\"uag-image-864\" width=\"384\" height=\"512\" title=\"clarswim_part1 (106)\" loading=\"lazy\" role=\"img\"\/><\/figure><\/div>\n\n\n\n<div class=\"wp-block-uagb-image alignleft uagb-block-e0daaf1d wp-block-uagb-image--layout-default wp-block-uagb-image--effect-static wp-block-uagb-image--align-left\"><figure class=\"wp-block-uagb-image__figure\"><img decoding=\"async\" srcset=\"https:\/\/mireiaroldangarcia.es\/wp-content\/uploads\/2023\/08\/GemmaAlexis-55-751x1024.jpg ,https:\/\/mireiaroldangarcia.es\/wp-content\/uploads\/2023\/08\/GemmaAlexis-55-scaled.jpg 780w, https:\/\/mireiaroldangarcia.es\/wp-content\/uploads\/2023\/08\/GemmaAlexis-55-scaled.jpg 360w\" sizes=\"auto, (max-width: 480px) 150px\" src=\"https:\/\/mireiaroldangarcia.es\/wp-content\/uploads\/2023\/08\/GemmaAlexis-55-751x1024.jpg\" alt=\"\" class=\"uag-image-985\" width=\"384\" height=\"384\" title=\"GemmaAlexis (55)\" loading=\"lazy\" role=\"img\"\/><\/figure><\/div>\n<\/div>\n\n\n\n<div class=\"wp-block-uagb-container uagb-block-vhymzbom\">\n<div class=\"wp-block-uagb-image alignleft uagb-block-s1kcrc4o wp-block-uagb-image--layout-default wp-block-uagb-image--effect-static wp-block-uagb-image--align-left\"><figure class=\"wp-block-uagb-image__figure\"><img decoding=\"async\" srcset=\"https:\/\/mireiaroldangarcia.es\/wp-content\/uploads\/2021\/06\/5bafb2938651d9bd3399929c44f8302e_original.jpg ,https:\/\/mireiaroldangarcia.es\/wp-content\/uploads\/2021\/06\/5bafb2938651d9bd3399929c44f8302e_original.jpg 780w, https:\/\/mireiaroldangarcia.es\/wp-content\/uploads\/2021\/06\/5bafb2938651d9bd3399929c44f8302e_original.jpg 360w\" sizes=\"auto, (max-width: 480px) 150px\" src=\"https:\/\/mireiaroldangarcia.es\/wp-content\/uploads\/2021\/06\/5bafb2938651d9bd3399929c44f8302e_original.jpg\" alt=\"\" class=\"uag-image-295\" width=\"384\" height=\"308\" title=\"FOTOGRAF\u00cdA DE PRODUCTO | COURLIE\" loading=\"lazy\" role=\"img\"\/><\/figure><\/div>\n\n\n\n<div class=\"wp-block-uagb-image alignleft uagb-block-6kecqmlq wp-block-uagb-image--layout-default wp-block-uagb-image--effect-static wp-block-uagb-image--align-left\"><figure class=\"wp-block-uagb-image__figure\"><img decoding=\"async\" srcset=\"https:\/\/mireiaroldangarcia.es\/wp-content\/uploads\/2023\/08\/Mecyplastec-24-1-683x1024.jpg ,https:\/\/mireiaroldangarcia.es\/wp-content\/uploads\/2023\/08\/Mecyplastec-24-1-scaled.jpg 780w, https:\/\/mireiaroldangarcia.es\/wp-content\/uploads\/2023\/08\/Mecyplastec-24-1-scaled.jpg 360w\" sizes=\"auto, (max-width: 480px) 150px\" src=\"https:\/\/mireiaroldangarcia.es\/wp-content\/uploads\/2023\/08\/Mecyplastec-24-1-683x1024.jpg\" alt=\"\" class=\"uag-image-1036\" width=\"384\" height=\"384\" title=\"Mecyplastec (24)\" loading=\"lazy\" role=\"img\"\/><\/figure><\/div>\n\n\n\n<div class=\"wp-block-uagb-image alignleft uagb-block-xtgt4lmv wp-block-uagb-image--layout-default wp-block-uagb-image--effect-static wp-block-uagb-image--align-left\"><figure class=\"wp-block-uagb-image__figure\"><img decoding=\"async\" srcset=\"https:\/\/mireiaroldangarcia.es\/wp-content\/uploads\/2021\/06\/mrshoot_carrousel-9-819x1024.jpg ,https:\/\/mireiaroldangarcia.es\/wp-content\/uploads\/2021\/06\/mrshoot_carrousel-9.jpg 780w, https:\/\/mireiaroldangarcia.es\/wp-content\/uploads\/2021\/06\/mrshoot_carrousel-9.jpg 360w\" sizes=\"auto, (max-width: 480px) 150px\" src=\"https:\/\/mireiaroldangarcia.es\/wp-content\/uploads\/2021\/06\/mrshoot_carrousel-9-819x1024.jpg\" alt=\"\" class=\"uag-image-106\" width=\"384\" height=\"288\" title=\"BARCELONA | ESPECIAL HALLOWEEN\" loading=\"lazy\" role=\"img\"\/><\/figure><\/div>\n\n\n\n<div class=\"wp-block-uagb-image alignleft uagb-block-f8393570 wp-block-uagb-image--layout-default wp-block-uagb-image--effect-static wp-block-uagb-image--align-left\"><figure class=\"wp-block-uagb-image__figure\"><img decoding=\"async\" srcset=\"https:\/\/mireiaroldangarcia.es\/wp-content\/uploads\/2023\/08\/MartaIrene_pt3-69-1-1024x683.jpg ,https:\/\/mireiaroldangarcia.es\/wp-content\/uploads\/2023\/08\/MartaIrene_pt3-69-1-scaled.jpg 780w, https:\/\/mireiaroldangarcia.es\/wp-content\/uploads\/2023\/08\/MartaIrene_pt3-69-1-scaled.jpg 360w\" sizes=\"auto, (max-width: 480px) 150px\" src=\"https:\/\/mireiaroldangarcia.es\/wp-content\/uploads\/2023\/08\/MartaIrene_pt3-69-1-1024x683.jpg\" alt=\"\" class=\"uag-image-959\" width=\"384\" height=\"384\" title=\"Marta&amp;Irene_pt3 (69)\" loading=\"lazy\" role=\"img\"\/><\/figure><\/div>\n<\/div>\n\n\n\n<div class=\"wp-block-uagb-container uagb-block-4mu4n31j\">\n<div class=\"wp-block-uagb-image alignleft uagb-block-6zc3ddxr wp-block-uagb-image--layout-default wp-block-uagb-image--effect-static wp-block-uagb-image--align-left\"><figure class=\"wp-block-uagb-image__figure\"><img decoding=\"async\" srcset=\"https:\/\/mireiaroldangarcia.es\/wp-content\/uploads\/2021\/06\/YOURSPACEPRO-1596-683x1024.jpg ,https:\/\/mireiaroldangarcia.es\/wp-content\/uploads\/2021\/06\/YOURSPACEPRO-1596-scaled.jpg 780w, https:\/\/mireiaroldangarcia.es\/wp-content\/uploads\/2021\/06\/YOURSPACEPRO-1596-scaled.jpg 360w\" sizes=\"auto, (max-width: 480px) 150px\" src=\"https:\/\/mireiaroldangarcia.es\/wp-content\/uploads\/2021\/06\/YOURSPACEPRO-1596-683x1024.jpg\" alt=\"\" class=\"uag-image-287\" width=\"384\" height=\"481\" title=\"FOTOGRAF\u00cdA DE PRODUCTO | YOUR SPACE PRO\" loading=\"lazy\" role=\"img\"\/><\/figure><\/div>\n\n\n\n<div class=\"wp-block-uagb-image uagb-block-hdjumks4 wp-block-uagb-image--layout-default wp-block-uagb-image--effect-static wp-block-uagb-image--align-none\"><figure class=\"wp-block-uagb-image__figure\"><img decoding=\"async\" srcset=\"https:\/\/mireiaroldangarcia.es\/wp-content\/uploads\/2023\/08\/Oblivion_Shooting_1-108-1-683x1024.jpg ,https:\/\/mireiaroldangarcia.es\/wp-content\/uploads\/2023\/08\/Oblivion_Shooting_1-108-1-scaled.jpg 780w, https:\/\/mireiaroldangarcia.es\/wp-content\/uploads\/2023\/08\/Oblivion_Shooting_1-108-1-scaled.jpg 360w\" sizes=\"auto, (max-width: 480px) 150px\" src=\"https:\/\/mireiaroldangarcia.es\/wp-content\/uploads\/2023\/08\/Oblivion_Shooting_1-108-1-683x1024.jpg\" alt=\"\" class=\"uag-image-1006\" width=\"385\" height=\"384\" title=\"Oblivion_Shooting_1 (108)\" loading=\"lazy\" role=\"img\"\/><\/figure><\/div>\n\n\n\n<div class=\"wp-block-uagb-image uagb-block-80d2f924 wp-block-uagb-image--layout-default wp-block-uagb-image--effect-static wp-block-uagb-image--align-none\"><figure class=\"wp-block-uagb-image__figure\"><img decoding=\"async\" srcset=\"https:\/\/mireiaroldangarcia.es\/wp-content\/uploads\/2023\/08\/clarswim_part1-133-683x1024.jpg ,https:\/\/mireiaroldangarcia.es\/wp-content\/uploads\/2023\/08\/clarswim_part1-133-scaled.jpg 780w, https:\/\/mireiaroldangarcia.es\/wp-content\/uploads\/2023\/08\/clarswim_part1-133-scaled.jpg 360w\" sizes=\"auto, (max-width: 480px) 150px\" src=\"https:\/\/mireiaroldangarcia.es\/wp-content\/uploads\/2023\/08\/clarswim_part1-133-683x1024.jpg\" alt=\"\" class=\"uag-image-773\" width=\"385\" height=\"384\" title=\"clarswim_part1 (133)\" loading=\"lazy\" role=\"img\"\/><\/figure><\/div>\n<\/div>\n<\/div>\n<\/div><\/div>\n","protected":false},"excerpt":{"rendered":"","protected":false},"author":1,"featured_media":0,"parent":1601,"menu_order":0,"comment_status":"closed","ping_status":"closed","template":"","meta":{"_uag_custom_page_level_css":"","site-sidebar-layout":"default","site-content-layout":"","ast-site-content-layout":"default","site-content-style":"default","site-sidebar-style":"default","ast-global-header-display":"","ast-banner-title-visibility":"","ast-main-header-display":"","ast-hfb-above-header-display":"","ast-hfb-below-header-display":"","ast-hfb-mobile-header-display":"","site-post-title":"disabled","ast-breadcrumbs-content":"","ast-featured-img":"","footer-sml-layout":"","theme-transparent-header-meta":"","adv-header-id-meta":"","stick-header-meta":"","header-above-stick-meta":"","header-main-stick-meta":"","header-below-stick-meta":"","astra-migrate-meta-layouts":"set","ast-page-background-enabled":"default","ast-page-background-meta":{"desktop":{"background-color":"","background-image":"","background-repeat":"repeat","background-position":"center center","background-size":"auto","background-attachment":"scroll","background-type":"","background-media":"","overlay-type":"","overlay-color":"","overlay-opacity":"","overlay-gradient":""},"tablet":{"background-color":"","background-image":"","background-repeat":"repeat","background-position":"center center","background-size":"auto","background-attachment":"scroll","background-type":"","background-media":"","overlay-type":"","overlay-color":"","overlay-opacity":"","overlay-gradient":""},"mobile":{"background-color":"","background-image":"","background-repeat":"repeat","background-position":"center center","background-size":"auto","background-attachment":"scroll","background-type":"","background-media":"","overlay-type":"","overlay-color":"","overlay-opacity":"","overlay-gradient":""}},"ast-content-background-meta":{"desktop":{"background-color":"var(--ast-global-color-5)","background-image":"","background-repeat":"repeat","background-position":"center center","background-size":"auto","background-attachment":"scroll","background-type":"","background-media":"","overlay-type":"","overlay-color":"","overlay-opacity":"","overlay-gradient":""},"tablet":{"background-color":"var(--ast-global-color-5)","background-image":"","background-repeat":"repeat","background-position":"center center","background-size":"auto","background-attachment":"scroll","background-type":"","background-media":"","overlay-type":"","overlay-color":"","overlay-opacity":"","overlay-gradient":""},"mobile":{"background-color":"var(--ast-global-color-5)","background-image":"","background-repeat":"repeat","background-position":"center center","background-size":"auto","background-attachment":"scroll","background-type":"","background-media":"","overlay-type":"","overlay-color":"","overlay-opacity":"","overlay-gradient":""}},"_vp_format_video_url":"","_vp_image_focal_point":[],"footnotes":""},"class_list":["post-1694","page","type-page","status-publish","hentry"],"uagb_featured_image_src":{"full":false,"thumbnail":false,"medium":false,"medium_large":false,"large":false,"1536x1536":false,"2048x2048":false,"trp-custom-language-flag":false,"vp_sm":false,"vp_md":false,"vp_lg":false,"vp_xl":false,"vp_sm_popup":false,"vp_md_popup":false,"vp_xl_popup":false},"uagb_author_info":{"display_name":"mireiaroldangarcia","author_link":"https:\/\/mireiaroldangarcia.es\/esp\/author\/mireiaroldangarcia\/"},"uagb_comment_info":0,"uagb_excerpt":null,"_links":{"self":[{"href":"https:\/\/mireiaroldangarcia.es\/esp\/wp-json\/wp\/v2\/pages\/1694","targetHints":{"allow":["GET"]}}],"collection":[{"href":"https:\/\/mireiaroldangarcia.es\/esp\/wp-json\/wp\/v2\/pages"}],"about":[{"href":"https:\/\/mireiaroldangarcia.es\/esp\/wp-json\/wp\/v2\/types\/page"}],"author":[{"embeddable":true,"href":"https:\/\/mireiaroldangarcia.es\/esp\/wp-json\/wp\/v2\/users\/1"}],"replies":[{"embeddable":true,"href":"https:\/\/mireiaroldangarcia.es\/esp\/wp-json\/wp\/v2\/comments?post=1694"}],"version-history":[{"count":12,"href":"https:\/\/mireiaroldangarcia.es\/esp\/wp-json\/wp\/v2\/pages\/1694\/revisions"}],"predecessor-version":[{"id":1919,"href":"https:\/\/mireiaroldangarcia.es\/esp\/wp-json\/wp\/v2\/pages\/1694\/revisions\/1919"}],"up":[{"embeddable":true,"href":"https:\/\/mireiaroldangarcia.es\/esp\/wp-json\/wp\/v2\/pages\/1601"}],"wp:attachment":[{"href":"https:\/\/mireiaroldangarcia.es\/esp\/wp-json\/wp\/v2\/media?parent=1694"}],"curies":[{"name":"wp","href":"https:\/\/api.w.org\/{rel}","templated":true}]}}